 common factor of 425 and d.
85
Suppose -6*b + 28 = n - 10*b, 0 = -3*b. What is the highest common factor of n and 301?
7
Let q(l) = -54*l - 258. Let u be q(-11). Calculate the greatest common divisor of u and 96.
48
Let l(x) = 2*x**2 + 94*x + 688. Let i be l(-9). Calculate the highest common divisor of i and 1412.
4
Let q(p) = p**3 - 8*p**2 + 5*p - 37. Let o be q(8). Suppose 4*j + 5*f - 31 = 0, 0*j - o*j - 3*f + 27 = 0. What is the greatest common factor of j and 98?
14
Suppose -z - 4*p + 41 = -263, 2*z = 5*p + 660. Calculate the highest common divisor of z and 10.
10
Suppose 0 = 5*w - 11*d + 8*d - 35, -d - 9 = -w. Suppose 114 = 3*k + z - 115, -w*k + 316 = 4*z. Calculate the greatest common divisor of 825 and k.
75
Let p = 94 - 44. Let x = 17 + -184. Let z = -137 - x. What is the greatest common factor of p and z?
10
Let h be 116/14 + 4/(-14). Let j = -1199 - -1201. Suppose 0 = -j*q + h - 4. What is the greatest common divisor of 4 and q?
2
Let q be (0/(-2) - 13/13) + 3. Suppose -y - 21 = -3*a + q*y, 2*a - 3*y - 10 = 0. Suppose 490 - 138 = a*v. Calculate the highest common factor of 16 and v.
16
Let w(c) = c - 2. Let j(x) = -6*x + 15. Let b(u) = 4*j(u) + 20*w(u). Let s be b(2). What is the highest common factor of 36 and s?
12
Let v be (-2450)/(-21) + (-6)/9. Let i be (v/5)/((-18)/45). Let s be -4 + i/(-2) + 3. What is the highest common factor of s and 28?
28
Suppose -23*a = a + 7*a - 5270. Suppose 4*d = 6*f - 2*f - 1048, 0 = -2*d + 8. Let y = f - a. What is the highest common divisor of y and 64?
32
Let t = -55 - -103. Let z be (-12 - 975/(-52)) + 1/4. Suppose -627 + 179 = -z*n. What is the greatest common factor of t and n?
16
Suppose 0 = 2*q - q - 37. Let w = -31 + 290. Calculate the highest common divisor of w and q.
37
Suppose -3*i + 270 = 11*k - 8*k, -k - 92 = -i. What is the highest common divisor of i and 91?
91
Let t = -575 - -651. Calculate the greatest common divisor of 148 and t.
4
Let f be 33/4 - (-4)/(-16). Let k = -50697 + 50705. Calculate the greatest common divisor of k and f.
8
Let w(c) = -1929*c - 122. Let r be w(-2). What is the highest common divisor of r and 8?
8
Let b(q) = q**2 - 8*q - 7. Let y be b(9). Let l be y - -1 - 114/(-3). Suppose 7 = 4*k - l. What is the highest common factor of 24 and k?
12
Suppose -31*c = 14*c - 19620. Calculate the greatest common divisor of 4469 and c.
109
Let p = -47 - -40. Let w(u) be the first derivative of -2*u**3/3 - 15*u**2/2 - u - 9. Let m be w(p). Calculate the highest common divisor of 42 and m.
6
Suppose -4*h - 5*a + 645 = h, 4*h = a + 496. Let t = -96 + 171. Calculate the highest common divisor of t and h.
25
Suppose -234 = -11*x + 647 + 637. Calculate the greatest common factor of x and 1182.
6
Let j(r) = -3*r - 9. Let f be j(-6). Suppose 0 = 4*v + 31 + 73. Let h(i) = -i**2 - 28*i - 16. Let c be h(v). What is the highest common divisor of c and f?
9
Suppose -417*v = -158*v - 5698. Let x be (3/3 - 0)*440. Calculate the greatest common factor of x and v.
22
Suppose 2*a - 44 = 3*o + o, 0 = -2*a + o + 41. Let h = 15 - -145. What is the highest common factor of h and a?
20
Let o(u) = -20*u - 630. Let q be o(-32). What is the greatest common divisor of 2710 and q?
10
Let a be 1118/8 - ((-5)/(-50))/(42/(-105)). What is the highest common factor of 60 and a?
20
Let y(o) = 8*o**3 + 59*o**2 - 175*o - 1. Let i be y(3). What is the highest common divisor of i and 1287?
13
Let g(j) = 25*j - 21. Let r be g(14). Let i = -205 + r. Calculate the greatest common factor of i and 155.
31
Let j be 19 + -24 - ((0 - 12 - -3) + -4). Let w = -2 + 0. Let z be 122/6 + w/6. Calculate the greatest common divisor of j and z.
4
Let w = 1328 - 1193. Calculate the highest common divisor of 6 and w.
3
Let p(z) = z**3 + 9*z**2 + 8*z + 12. Let h be p(-8). Suppose 3*f = 2*d - 645, -27*f = -d - 29*f + 326. Calculate the highest common divisor of d and h.
12
Suppose -d - 2 = -3*d, 5*d = 2*s - 37. Let g be (12/10)/(s/35). Calculate the greatest common factor of g and 37.
1
Suppose 3*p = -4*a + 7596 + 8112, 0 = 4*a + 12. What is the greatest common divisor of p and 20?
20
Suppose 16 = 3*s + 2*d, -s + 2*s - d + 3 = 0. Suppose -4*o - 37 = -a, a = -3*o - s*o + 10. What is the greatest common factor of a and 125?
25
Suppose 5*d - 2*d + 105 = -3*m, -d + m = 45. Let b = d + 148. Suppose -141*a = -145*a + b. Calculate the greatest common factor of 3 and a.
3
Let x = 4 + 6. Let h(b) = -b**2 + 15*b + 6. Let k be h(15). Let j be (4*(-75)/(-20))/(k/16). Calculate the highest common divisor of j and x.
10
Suppose 2*n + 312 = 4*n. Suppose 339*i = 640*i - 314*i + 156. Calculate the highest common factor of n and i.
12
Let r(n) = -n**2 + 24*n - 76. Let q be r(18). What is the greatest common divisor of 2872 and q?
8
Suppose -m = -2*j + 98, 0*j + 188 = 4*j + 2*m. Let c(b) = 2*b**2 + 11. Let z be c(-4). Let x = z - 31. What is the greatest common divisor of x and j?
12
Suppose 2*m + 9 = 9. Let y be 11376/90 + (2/(-5) - m). Suppose q + q = 28. Calculate the highest common factor of y and q.
14
Let y(i) = i**3 - 18*i**2 + 12*i + 44. Let l be y(17). Let m = 95 + l. What is the greatest common factor of m and 72?
18
Suppose s - 896 = 2*b, 13*b = 17*b + 24. Calculate the greatest common factor of 68 and s.
68
Suppose -11 - 4 = -5*c, -8 = -5*m + 4*c. Suppose m*d + 12 = 0, 12*w + 5*d = 7*w + 435. What is the highest common factor of 120 and w?
30
Let t(x) = 13*x**2 + 24*x + 196. Let n be t(-7). What is the highest common factor of 399 and n?
133
Let y = 1741 - 1451. What is the greatest common factor of 58 and y?
58
Let b = 19 + -9. Suppose -3*a = -b*a + 2625. Let f = 536 - a. What is the greatest common divisor of f and 23?
23
Let a(q) = -4*q**3 + 3*q**2 + 4*q. Let v be a(3). Let p = v + 84. Let d be (-2)/(1/(-10)*1). What is the highest common divisor of d and p?
5
Suppose -5*h = 31*o - 30*o - 863, -4*o + h + 3683 = 0. Suppose 5*s + 128 = -5*g + 443, 3*s + 355 = 5*g. What is the greatest common factor of g and o?
34
Let z be 2/6*(-8001)/21. Let f = 142 + z. Calculate the greatest common divisor of 135 and f.
15
Suppose 0 = -3*n + 5*r + 475, -2*n - 29*r = -30*r - 319. Calculate the highest common divisor of n and 6480.
80
Let k(w) = w**2 - 12*w + 43. Let q be k(7). What is the highest common divisor of q and 13672?
8
Let o = 8806 - 8738. What is the highest common divisor of o and 512?
4
Let i be 5/(18/(-4) - (-30 + 25)). Let s be (32/i)/(1881/235 + -8). Calculate the highest common factor of s and 94.
94
Let u(f) = 88*f**2 + 88*f + 951. Let x be u(-9). What is the highest common factor of x and 63?
21
Suppose 4*x = v + 2*x + 207, 2*v + 3*x = -379. Let i be (5 - 0) + 4 + -13. Let j be v/i - -1*(-9)/(-12). Calculate the highest common divisor of j and 10.
10
Let c = -208 - -124. Let q = c + 88. Suppose -32 = -3*f - 2*j, 3*f - 50 = -2*f - q*j. What is the highest common factor of 42 and f?
14
Suppose 28*c + 18*c - 15802 = -5038. What is the highest common divisor of 378 and c?
18
Let n(g) = -3*g + 171. Let u be n(24). Let p be -4 - (-168)/44 - (-9324)/u. Calculate the greatest common divisor of 235 and p.
47
Suppose 5*k + 6*k - 34 = 98. Let a = -26 + 62. Calculate the greatest common factor of a and k.
12
Let c(s) = 4*s**2 - 2. Let r be c(-1). Suppose -1 = 2*k + 3*o - 4, 0 = r*o + 6. Calculate the highest common factor of 39 and k.
3
Let y = 46 + -70. Let q be ((-2)/3)/((y/18)/4). Let u be 1/q + 222/12. Calculate the highest common divisor of u and 95.
19
Let o = -34 + 14. Suppose -4*g + 2*a - 4*a + 586 = 0, 1 = -a. Let m be (g/(-35))/(4/o). What is the greatest common divisor of 189 and m?
21
Let u be 331 + (6 + -24)/9. Calculate the highest common divisor of 188 and u.
47
Let t = 14384 - 14383. Let y be (-32)/(-14) + (-2)/7. Let a be ((-16)/(-4))/t + 10 + y. What is the greatest common factor of 32 and a?
16
Suppose 7*l = 5*l + 74. Let z = 36 + -33. Let w = z + l. What is the greatest common factor of w and 360?
40
Suppose -20*q - 2*q + 356 = -348. What is the greatest common factor of q and 28?
4
Let f be (237/1580)/((-2)/190)*(-656)/6. Calculate the highest common factor of f and 41.
41
Suppose 4*d + 4*r - 3*r - 633 = 0, -d + 162 = 4*r. Let g = 290 - d. What is the highest common divisor of g and 12?
12
Let g = 304 - 276. Suppose -41